 when 32/6*((-23)/(-2) + 2) is divided by 15?
12
Let k be 1 + (1 - 2/(-1)). Suppose -k*r - c = -7, 3*r - 8*r + 35 = -4*c. Suppose 0 = 5*u - 7 - r. Calculate the remainder when 2 is divided by u.
0
Let d be (30/40)/((-1)/(-4)). Suppose 21 = 3*j - 3*s, s = -d*j + 6*s + 17. Calculate the remainder when j is divided by 5.
4
What is the remainder when 155 is divided by 1/((6/52)/(14 + -11))?
25
Suppose -4*u + 5*w = -0*w - 32, 3*u + w = 43. Calculate the remainder when 37 is divided by u.
11
Suppose -3*b + 130 = -2*z, -2*b - 2*z = z - 78. Calculate the remainder when b is divided by 17.
8
Suppose 0 = 3*r - 3*z - 48, -3*z + 3 = 9. What is the remainder when 54 is divided by r?
12
Suppose -r = -4*s - 13, -s - s - 39 = -3*r. Let o be ((-2)/3)/(8/(-60)). Suppose o*j + 2 - 37 = 0. Calculate the remainder when r is divided by j.
6
Let c be 1/(-1 - 20/(-19)). Suppose 3*o - 23 = c. Let y = -17 - -44. What is the remainder when y is divided by o?
13
Suppose -2*f - f = 5*z + 14, -3 = 3*z. What is the remainder when 29 is divided by 5/((f/(-1))/9)?
14
Let o(h) = h**2 - 3*h - 5. Let u be o(5). Let b = 17 + u. Calculate the remainder when 85 is divided by b.
19
Suppose 0 = -3*v + 2*t + 15, 5*t + 9 = v + 3*t. Calculate the remainder when ((-38)/(-3))/(1/v) is divided by 20.
18
Let w(y) = 3*y. Let g be (1/2)/(2/16). Suppose 3*m - 255 = -2*m - 4*a, -4*a - 121 = -3*m. What is the remainder when m is divided by w(g)?
11
Let b = 9 - -11. Suppose a + 4*q - 3 = 28, 39 = 4*a - q. Calculate the remainder when b is divided by a.
9
Let y(t) = t + 8. Let c be y(-6). Suppose 2*p + 7 = -i, 2*i - c*p = 6*i - 2. Let n(k) = 6*k - 4. What is the remainder when n(i) is divided by 5?
4
Suppose -6*z + 12 = -54. Suppose -2*m - 15 = -3*m. Let d = m - 9. Calculate the remainder when z is divided by d.
5
Suppose -t - 2*t + 36 = 0. Suppose -2*u = -5 - 9. What is the remainder when t is divided by u?
5
Let f(r) = -r**2 - 8*r + 4. Let k be f(-6). Suppose 4*w + g = -41, -27 = 4*w + 4*g + 29. Let s = w + k. What is the remainder when 26 is divided by s?
5
Suppose 25 = 4*n + n, -2*k + n + 9 = 0. Calculate the remainder when 228/(-18)*9/(-6) is divided by k.
5
Suppose 5*u - 20 = -m, 3*m + 5*u = 10 + 30. Let h = 40 + -12. Calculate the remainder when h is divided by m.
8
Let h = 28 - -67. Suppose -2*b = 6*s - s - h, 0 = -4*b - s + 145. What is the remainder when b is divided by 19?
16
Calculate the remainder when (44/12)/(3/54) is divided by 17.
15
Let y = 6 - -31. Let z = y + -15. What is the remainder when z is divided by 5?
2
Suppose b = 4*b - 6. Suppose 0 = 4*s - b*x - 22, -2*s + 4*x + 4 = 2. What is the remainder when 19 is divided by s?
5
Suppose 0 = 2*u - 2*v - 120, 3*u - u + 4*v = 144. What is the remainder when u is divided by 13?
12
Suppose -96 = 6*u - 2*u. Let q = -14 - u. What is the remainder when 26 is divided by q?
6
Let l = 6 + 26. Calculate the remainder when l is divided by 11.
10
Let h(g) be the first derivative of g**2/2 - g - 3. Let t be h(0). What is the remainder when 11 is divided by t/2 - (-99)/22?
3
Suppose 0 = -s - s + 10. Suppose s*v = 2*v + 63. Calculate the remainder when v is divided by 11.
10
Suppose 9 = q - 0. What is the remainder when 33 is divided by q?
6
Suppose -4*s = -s - 39. Calculate the remainder when 48 is divided by s.
9
Let k = 6 + -6. Suppose 0*t + t - 2 = k. Suppose -t*w + 3*w - 6 = 0. Calculate the remainder when 16 is divided by w.
4
Suppose 0*f - 1 = -o - 4*f, -o = -3*f - 8. Suppose -5*z = 4*i - 78, -3*i + 47 = 4*z - 11. Let b = i - o. Calculate the remainder when 32 is divided by b.
15
Let v = 4 - -9. Let c = v + 36. What is the remainder when c is divided by 3/1 + -2 + 16?
15
What is the remainder when 270/(-12)*(-6)/3 is divided by 16?
13
Let l(t) = t**2 + t + 2. Let m be l(0). Let z = 0 + m. Calculate the remainder when z is divided by 0 + (0 - 2/(-1)).
0
Let s be (-3)/(-12) - 127/(-4). Let g = s - 18. Calculate the remainder when 39 is divided by g.
11
Suppose -3*z + 1250 = 5*o, -o + 183 = -4*z - 67. Calculate the remainder when o is divided by 23.
20
Let c be (2/6)/((-2)/(-12)). Suppose -c*m - 1 = -11. Suppose -5*q + 56 = 4*a, -18*a + 23*a = -2*q + 36. What is the remainder when q is divided by m?
3
Let f(y) = 4*y**3 - 3 + 3. Calculate the remainder when (3/(-2) + 1)*-20 is divided by f(1).
2
Suppose -6*r - 43 = -7*r. Let s = r - 27. Calculate the remainder when s is divided by 6.
4
Suppose -4*y = -2*y - 12. Calculate the remainder when 21 is divided by y.
3
Let i(t) = 18*t - 2. Let h(n) be the second derivative of n**5/20 + n**4/4 - 2*n**3/3 + n. What is the remainder when i(2) is divided by h(-3)?
10
Let l = 71 - 4. Calculate the remainder when l is divided by 5.
2
Let u = 27 - -2. Let l = u + -16. Calculate the remainder when 49 is divided by l.
10
Let k(l) = -l**2 - 7*l - l - l + 11 - 21. What is the remainder when 7 is divided by k(-7)?
3
Suppose 9*r = 2*r + 56. Calculate the remainder when 11 is divided by r.
3
Let n be (1/(-2))/((-4)/(-24)). Let i be (-22)/(-6) - (-2)/n. Suppose -i*k = -0*k - 33. What is the remainder when k is divided by 3?
2
Suppose 4*n + 4*o = 80, 97 = -n + 6*n + 2*o. Calculate the remainder when 35 is divided by n.
16
Let i = 13 + -4. What is the remainder when i is divided by 4?
1
Let a(h) = -3*h + 3. Let v be a(5). Calculate the remainder when 11 is divided by v/(-42) + (-80)/(-14).
5
Let f = 37 - 10. What is the remainder when f is divided by 14?
13
Suppose 2*g - 8 = 3*h, 5*g + 2*h = 5*h + 20. Let y(z) be the first derivative of 3*z**2/2 + z - 1. What is the remainder when 37 is divided by y(g)?
11
Suppose u - 2*y = 13, 2*u - 6*u + 4*y + 48 = 0. Let j = -5 + u. Calculate the remainder when 10 is divided by j.
4
Suppose 4*i - 6*i - 5*u - 21 = 0, -10 = 2*u. Let c = 10 - i. Calculate the remainder when c is divided by 5.
3
Let r(z) = -z**3 + 3*z**2 - 3*z + 2. Let l be r(2). Suppose l = p - 6*p + 155. Let b = 19 - 8. What is the remainder when p is divided by b?
9
Suppose 0 = 2*p + 3*m + 1 - 5, 4*m + 8 = 4*p. Suppose p*g - 1 - 51 = 0. Suppose 1 = -f + g. What is the remainder when f is divided by 13?
12
Let k be 2 - (-2 + 3 + -2). Suppose 5 - k = r. Calculate the remainder when r is divided by 2.
0
Suppose -9*h + 4*h = 255. Let k be (h/(-4))/3*-8. Let o = k + 60. Calculate the remainder when o is divided by 9.
8
Calculate the remainder when 104 is divided by (-12)/(-30) + (0 - 33/(-5)).
6
Let x = -9 + 14. Suppose 5*c - 85 = x*q, -2*q - 2*q = 2*c - 4. Calculate the remainder when 46 is divided by c.
10
Suppose 5*h + 2*u - 4*u = 725, 0 = -3*u. Calculate the remainder when h is divided by 49.
47
Let i(m) = 4*m**2 + 2*m + 3. Let l be i(-2). Suppose 4*h - 2*w = -30, w - 3 = -2. Let d = l + h. Calculate the remainder when 14 is divided by d.
6
Let h(u) = -1 + 2 + 2*u**2 + 5*u - u**2. Let s be h(-4). Calculate the remainder when 15 is divided by s/2*-6 - 1.
7
Let m(k) = 2*k**2 + 4*k - 5. Let o(g) = g - 1. Let j be o(7). What is the remainder when -4 + j + 1*19 is divided by m(-4)?
10
What is the remainder when (-5 - -4)*-2 - -75 is divided by 20?
17
Let k(t) = t + t - 2 + 13. Calculate the remainder when k(10) is divided by 11.
9
Suppose -4*i = i. Suppose -4*x - 2 + 38 = i. What is the remainder when 26 is divided by x?
8
Suppose 7*u - 12 = 3*u. Suppose c - 3*c - 5*m = -49, 0 = -u*c + m + 48. What is the remainder when c is divided by 10?
7
Suppose -4*b = -8*b + 60. Suppose 0 = -2*v - v + 174. What is the remainder when v is divided by b?
13
Let y be -4 - -5 - 0/3. Let i = 37 + y. Calculate the remainder when i is divided by 13.
12
Let y = -13 + 24. Calculate the remainder when (-1)/((-1799)/224 - -8) is divided by y.
10
Let c be (0/(-1))/(4/4). Let a(z) = z**3 - z**2 + 31. Calculate the remainder when a(c) is divided by 16.
15
Let r = -1139 - -810. Let d = -226 - r. What is the remainder when d is divided by 26?
25
Let c(t) = -63*t - 37. Calculate the remainder when c(-3) is divided by 31.
28
Suppose 4*g - 350 = 2*g + k, 3*g = -k + 520. What is the remainder when g is divided by 35?
34
Suppose 3*j - 8 = -4*x - 117, -1 = x. Let r = 49 - -2. Let g = r + j. What is the remainder when 47 is divided by g?
15
Let i be 2 - -3 - 2 - 0. Let p = -1 + i. Calculate the remainder when (3/((-3)/5))/(-1) is divided by p.
1
Suppos